mmon factor of 6 and u.
2
Let h(q) = 5551*q + 548. Let b be h(2). What is the highest common divisor of 50 and b?
50
Let k(y) be the second derivative of 5*y**3/6 - 8*y**2 - 3*y. Let n be k(4). Suppose 12 = 4*q - n. Calculate the highest common divisor of q and 20.
4
Suppose 2 + 19 = 21*n. Let p be (-25 - -26)/(n/33). What is the greatest common factor of p and 264?
33
Let m = -15944 + 16611. Calculate the greatest common factor of m and 29.
29
Let p = -46 - -87. Suppose p*f - 6 = 39*f. Suppose 3*v - 62 = -0*v - z, f*v - 68 = -4*z. Calculate the highest common factor of v and 12.
4
Let j(b) = -2*b**2 + 44*b + 18. Suppose -4*p + 3*a + 43 = 0, 0 = -4*p - a - 17 + 72. Let k be j(p). What is the greatest common divisor of 21 and k?
21
Let u = -10 + 38. Suppose -91*s = -141*s - 210*s + 16380. What is the greatest common divisor of s and u?
7
Let u = -27381 + 27416. Suppose 0 = 5*b + 10, 6*b - 5*b = 5*t - 107. What is the greatest common factor of t and u?
7
Suppose 67*h - 1456 = 51*h. Calculate the highest common divisor of h and 936.
13
Let x be 59 + 3 + -18 + (-14 - -24). What is the highest common divisor of x and 9693?
27
Let l(m) = 5*m. Let a be l(4). Let u be 22465/45 + (-4)/18 + 1. Calculate the highest common factor of u and a.
20
Let o be (-31122)/(-169) - (-6)/(-39). Let y = o - 129. What is the greatest common factor of y and 11?
11
Let d(i) = -2*i - 5. Let o be d(-6). Suppose -2*w - l + 319 = 0, 15*w = 13*w + 5*l + 337. Calculate the highest common factor of w and o.
7
Let n(u) = 14*u**2 + 258*u + 43. Let s be n(-21). What is the highest common divisor of s and 51?
17
Suppose 150*x = -12078 + 45678. Calculate the greatest common factor of 160 and x.
32
Suppose 404*n + 516 = 408*n. Let u = n + 274. What is the highest common divisor of u and 31?
31
Let w(c) = 3*c + c - 265 + 251. Let z be w(6). What is the highest common divisor of 8 and z?
2
Let z = 12149 + -12145. What is the greatest common factor of 5812 and z?
4
Let r = 647 + -619. Let h(y) = y**3 - 25*y**2 - 75*y + 58. Let d be h(r). Calculate the greatest common divisor of 93 and d.
31
Suppose 5*l - 72 = 2*u, -4*u + 16 = -0*u. Suppose 2*s - 22 = -2*t, 5 = -18*s + 17*s. Calculate the greatest common factor of t and l.
16
Suppose 5*z - 71*j + 67*j = 12948, 3*z = 3*j + 7767. What is the highest common divisor of z and 81?
81
Let h(a) = 2*a**2 - 12*a + 4. Let n be h(10). Let v = n - 79. Let j(t) = -t**2 + 10*t. Let w be j(v). Calculate the greatest common divisor of 75 and w.
25
Suppose 4931 = 18*l - 2665. Suppose -15*h + y = -16*h + 414, -l = -h + y. Calculate the highest common factor of h and 22.
22
Let t be 105/(-6)*(-40)/50. Let i be t/(-35) + (-3124)/(-10). What is the highest common divisor of 39 and i?
39
Let i = -9108 - -12753. Calculate the highest common divisor of 45 and i.
45
Suppose 0 = -4*r + 304 - 296. Suppose 0 = 2*n + r*d - 1244, 2*n - 5*d = -2*d + 1239. Calculate the highest common factor of 23 and n.
23
Let k be 4/(3/5*4/(-6)). Let t(o) = -o**3 - 11*o**2 - 11*o - 6. Let x be t(k). Let i be 14/x*(-12 - -14). Calculate the highest common factor of i and 77.
7
Suppose 0 = u + u - 50. Let z(t) = 1157*t - 20806. Let y be z(18). What is the highest common divisor of u and y?
5
Let v = -10 - -23. Suppose 4*u - 159 = j, 5*u + 2*j = 66 + 123. Calculate the highest common factor of u and v.
13
Suppose 576 = 14*l - 12*l. Let w = -218 - -250. Calculate the highest common divisor of w and l.
32
Let b be (-1 - 0) + -3 + 55. Let c be (-33649)/(-2024) + 3/8 + 0. What is the greatest common divisor of c and b?
17
Suppose -2545 = -4*v + 3*g, 5*g + 1373 = 3*v - 522. Calculate the highest common factor of 60 and v.
20
Let i be 158 - ((0 - 2) + 1). Let g(o) = 111*o**2 + 5*o - 8. Let a be g(1). Let u = i - a. What is the highest common factor of 34 and u?
17
Let z be (-4)/(1 - 5)*(-72)/(-3). Let k be (2 + -1)*10/(80/z). Suppose y - 3*y = 3*m - 93, k*y = m + 112. What is the highest common divisor of y and 156?
39
Let t = -576 + 423. Let l = 162 - t. What is the greatest common divisor of 189 and l?
63
Let v(y) = 2*y - 17. Let u be v(10). Suppose u*k = 28 - 94. Let t be k/(-3)*-3*(-2 + 1). What is the greatest common divisor of t and 33?
11
Let l = -650 + 654. Suppose l*j - 4*k = 28, 8*j - 2*k = 10*j - 22. Calculate the greatest common divisor of j and 9.
9
Let x = 10245 - 10235. Calculate the greatest common factor of 310 and x.
10
Let j(p) = 33*p + 201. Let t be j(-6). Suppose -t*g + y + 1672 = g, g - 418 = -5*y. What is the greatest common factor of g and 33?
11
Suppose 0 = -3*q + 3*c - 3, 0*q - c = -2*q - 5. Let j be 1/q*-86 - 9/(-6). Calculate the greatest common divisor of 23 and j.
23
Suppose -17*d - 2 = -18*d. Suppose 0 = b + i - 11, 3*b - 62 = -2*b + d*i. Let k = 25 - b. Calculate the highest common divisor of 13 and k.
13
Let n = 30383 + -30351. Suppose -2*r - 3*u = -7*r + 237, 191 = 4*r - u. What is the highest common divisor of n and r?
16
Suppose -2*y + 490 = 5*o, 4*o + 428 = 2*y - 44. What is the highest common factor of 32 and y?
16
Let v = 137 + -132. Suppose v*w - 572 = -8*b + 11*b, 0 = 5*w - 2*b - 573. Calculate the greatest common divisor of w and 10.
5
Let p be 2/1*70/(-20). Let k be (-51)/119 + (-45)/p. Calculate the highest common divisor of 6 and k.
6
Let f(k) = -k**2 + 26*k + 387. Let p be f(-10). What is the highest common divisor of p and 24354?
27
Suppose 0 = -23*x + 21*x + 4. Suppose -3*a + 230 = x*f, -2*a + 47 + 105 = 2*f. Calculate the greatest common factor of a and 390.
78
Let w = 7 - -9. Let c(d) = -d**2 + 19*d - 29. Let u be c(13). Suppose 7*a - 63 - u = 0. What is the greatest common divisor of w and a?
16
Suppose -5*s - 9*s + 6030 = -9*s. What is the highest common divisor of 670 and s?
134
Let v be (-14476)/141*3/(-2). What is the highest common factor of 266 and v?
14
Let m be (5/2)/(10/8). Suppose 9 = -3*q, m*x = -3*q - 6 - 3. Suppose -4*w + 12 = x, -4*w + 76 = 2*h - 2*w. Calculate the highest common divisor of h and 315.
35
Let r be (21*(-10 + 78/9))/(4/(-32)). Suppose -5*q = -42 - 3. Let a(z) = z**2 - 6*z + 1. Let k be a(q). What is the greatest common divisor of k and r?
28
Let u be (3 + (-22)/4)*-20. Suppose -2*i = -3*w - 156, 0 = -0*i + 4*i. Let p = 72 + w. What is the highest common divisor of p and u?
10
Let l = -174 - -179. Suppose -127 = -3*q + 5*j, -l*q - 3*j = -4*q - 19. Calculate the greatest common factor of q and 374.
34
Suppose -23*l + 3420 = -4*l. Let o = l + -170. What is the highest common divisor of o and 160?
10
Let k(l) = -138*l + 61. Let h be k(-6). Calculate the highest common factor of h and 21.
7
Let a(n) = -27*n - 58. Let y be a(-6). Let z = -86 + y. What is the greatest common divisor of z and 243?
9
Let y be (16 + -11 + -7)*-1*90. What is the greatest common factor of y and 640?
20
Let w(b) = 2*b**2 + 3*b + 6. Let c be (-50)/13 + (-24)/156. Let l be w(c). Calculate the highest common factor of l and 91.
13
Suppose -22*u = -27*u - 10, -2*r + 5*u = -494. Let v = -212 + r. Let i be 8/28 - 3356/(-14). What is the greatest common factor of i and v?
30
Let x = 171 - 170. Suppose 17 = 4*u + 1. Suppose 2*o = u*r - 8, 4*o - 2*r = -o + 4. Calculate the highest common factor of o and x.
1
Let r = -2687 - -2699. Calculate the greatest common divisor of 164 and r.
4
Let q be (-22)/(-4)*(-300 - -312). What is the greatest common factor of 8811 and q?
33
Suppose 5*b + 27 = x, 3*x - x - 14 = 2*b. Suppose 3*i + 2*l + 36 = l, l = x*i + 19. Let r = -10 - i. Calculate the highest common divisor of r and 11.
1
Suppose 5*r - 5*f = -1171 - 219, 0 = 3*r + 3*f + 846. Let g = -197 - r. Suppose -g = w - 84. Calculate the greatest common factor of w and 17.
1
Suppose 13*i - 3758 - 175 = 123. Calculate the highest common divisor of i and 13962.
78
Let x(a) = 100*a**2 - 21*a + 167. Let v be x(5). Calculate the greatest common factor of 84 and v.
42
Suppose -1081 - 45 - 722 = -6*n. Calculate the highest common divisor of n and 1166.
22
Let g be (18/24 + 11/(-4))/(-1). Suppose -g*d - 926 = -3*f, 0*d = 4*f - 3*d - 1235. What is the greatest common divisor of 44 and f?
44
Let m(r) = -46*r + 1317. Let p be m(-48). Calculate the greatest common factor of p and 282.
141
Suppose -2*g - 5*k + 1905 = 0, 2886 = 5*g - 2*g - 2*k. Suppose -18*l - 384 = -g. Wha